{"id":165,"date":"2023-04-05T21:58:40","date_gmt":"2023-04-05T21:58:40","guid":{"rendered":"https:\/\/paramigrar.com\/?page_id=165"},"modified":"2023-04-05T22:01:47","modified_gmt":"2023-04-05T22:01:47","slug":"servicios","status":"publish","type":"page","link":"https:\/\/paramigrar.com\/?page_id=165","title":{"rendered":"Servicios"},"content":{"rendered":"\n[section bg=\u00bb168&#8243; bg_size=\u00bboriginal\u00bb bg_overlay=\u00bbrgba(0, 0, 0, 0.25)\u00bb]\n\n[page_header style=\u00bbsimple\u00bb]\n\n\n[\/section]\n\n\n\n<p><\/p>\n\n\n\n<p>En PARAMIGRAR, te acompa\u00f1amos de principio a fin en tu proyecto de migrar a otro pa\u00eds, por eso te ofrecemos los siguientes servicios:<\/p>\n\n\n\n<ol class=\"wp-block-list\"><li>ASESORIA INTEGRAL: Realizamos una entrevista personalizada, donde revisaremos las situaciones de cada caso, despejamos las dudas, aclaramos ideas y definimos la mejor manera de migrar de acuerdo a tu situaci\u00f3n o perfil personal, profesional y familiar.<\/li><\/ol>\n\n\n\n<ol class=\"wp-block-list\" start=\"2\"><li>SOLICITUD DE VISAS: Actualmente acompa\u00f1amos en el proceso de solicitud de visas a Espa\u00f1a y Canad\u00e1.&nbsp;<\/li><\/ol>\n\n\n\n<ol class=\"wp-block-list\" start=\"3\"><li>SOLICITUD DE ESTANCIAS Y ARRAIGOS: Una vez que se encuentran en un nuevo pa\u00eds, los acompa\u00f1amos en el tr\u00e1mite de su estancia regulada. (Estancia para estudios, arraigo social, arraigo laboral, arraigo para la formaci\u00f3n, arraigo familiar, etc\u00e9tera.)<\/li><li>SOLICITUD DE NACIONALIDAD: Te asesoramos y acompa\u00f1amos en el tr\u00e1mite de tu nacionalidad en Espa\u00f1a.<\/li><li>SOLICITUD DE ASILO Y PROTECCI\u00d3N INTERNACIONAL: Te acompa\u00f1amos de manera integral en el tr\u00e1mite de tu asilo y\/o protecci\u00f3n internacional, de principio a fin.<\/li><li>SOLICITUD DE CANJE DE LICENCIA DE CONDUCCION:<\/li><li>TRAMITES ANTE LOS CONSULADOS DE COLOMBIA EN ESPA\u00d1A.<\/li><\/ol>\n","protected":false},"excerpt":{"rendered":"<p>En PARAMIGRAR, te acompa\u00f1amos de principio a fin en tu proyecto de migrar a otro pa\u00eds, por eso te ofrecemos los siguientes servicios: ASESORIA INTEGRAL: Realizamos una entrevista personalizada, donde revisaremos las situaciones de cada caso, despejamos las dudas, aclaramos ideas y definimos la mejor manera de migrar de acuerdo a tu situaci\u00f3n o perfil&#8230;<\/p>\n","protected":false},"author":1,"featured_media":0,"parent":0,"menu_order":0,"comment_status":"closed","ping_status":"closed","template":"","meta":{"om_disable_all_campaigns":false,"_monsterinsights_skip_tracking":false,"_monsterinsights_sitenote_active":false,"_monsterinsights_sitenote_note":"","_monsterinsights_sitenote_category":0,"_kadence_starter_templates_imported_post":false,"_kad_post_transparent":"","_kad_post_title":"","_kad_post_layout":"","_kad_post_sidebar_id":"","_kad_post_content_style":"","_kad_post_vertical_padding":"","_kad_post_feature":"","_kad_post_feature_position":"","_kad_post_header":false,"_kad_post_footer":false,"_kad_post_classname":"","_joinchat":[],"footnotes":""},"class_list":["post-165","page","type-page","status-publish","hentry"],"_links":{"self":[{"href":"https:\/\/paramigrar.com\/index.php?rest_route=\/wp\/v2\/pages\/165","targetHints":{"allow":["GET"]}}],"collection":[{"href":"https:\/\/paramigrar.com\/index.php?rest_route=\/wp\/v2\/pages"}],"about":[{"href":"https:\/\/paramigrar.com\/index.php?rest_route=\/wp\/v2\/types\/page"}],"author":[{"embeddable":true,"href":"https:\/\/paramigrar.com\/index.php?rest_route=\/wp\/v2\/users\/1"}],"replies":[{"embeddable":true,"href":"https:\/\/paramigrar.com\/index.php?rest_route=%2Fwp%2Fv2%2Fcomments&post=165"}],"version-history":[{"count":0,"href":"https:\/\/paramigrar.com\/index.php?rest_route=\/wp\/v2\/pages\/165\/revisions"}],"wp:attachment":[{"href":"https:\/\/paramigrar.com\/index.php?rest_route=%2Fwp%2Fv2%2Fmedia&parent=165"}],"curies":[{"name":"wp","href":"https:\/\/api.w.org\/{rel}","templated":true}]}}